 by d(-5)?
13
Suppose 228 = 3*t + 3*s, -t = 5*s + 8 - 80. Calculate the remainder when t is divided by 26.
25
Suppose 7*s = 72 + 82. Calculate the remainder when s is divided by 6.
4
Let k(p) = 3*p**2 - 6*p. What is the remainder when k(-7) is divided by 24?
21
Let b(g) = g + 14. Let y be b(-7). Suppose 2*p + m - 3*m = -2, -5*m - 43 = 3*p. Let i = y + p. What is the remainder when 1 is divided by i?
0
Calculate the remainder when 32 is divided by 18/(-5)*(-20)/6.
8
Let d(x) = -3*x - 6. Calculate the remainder when d(-7) is divided by 8.
7
Let o = 216 - 77. Suppose -5*t + o + 66 = 5*x, 5*t + 68 = 2*x. What is the remainder when x is divided by 20?
19
Suppose 2*r + 16 = 98. What is the remainder when r is divided by 11?
8
Suppose 3*c + 5*n - 24 = 7, n = -2*c + 16. Suppose -g - 41 = -2*v - 6*g, 3*g = -5*v + 74. What is the remainder when v is divided by c?
6
Let n = -2 + 0. Let l = 21 - n. Suppose -s + 8 = y + s, 4*s = 4*y - 56. Calculate the remainder when l is divided by y.
11
Let j = 18 + -10. Calculate the remainder when 23 is divided by j.
7
Suppose i = -3*r - 2, -i - 2*r = -6*i + 24. Suppose p - 30 = -4*p + 5*k, 2*p + 4*k = 6. What is the remainder when p is divided by i?
1
Let u(t) = -t - 1. Let c be u(2). What is the remainder when ((204/c)/(-2))/2 is divided by 9?
8
Suppose 0 = 5*h + 7 + 8. Let v = h + 7. Suppose v*q - 9 = -3*z, 4*z - 37 = 3*q - 0*q. What is the remainder when z is divided by 4?
3
Let r = 21 - 16. Let a(w) = -w**2 + 5*w - 3. Calculate the remainder when r is divided by a(2).
2
Suppose -8*a - 115 = -13*a. Let d(u) = -7*u - 2. Suppose 0 = -8*y + 4*y - 8. What is the remainder when a is divided by d(y)?
11
Let s = 20 - -23. Suppose s = x - 0*x. What is the remainder when x is divided by (-4)/12 + 34/3?
10
Let k(u) = 3*u - 1. Calculate the remainder when k(8) is divided by (2/1)/((-3)/(-12)).
7
Let j be 6/3 + (2 - 1). Suppose -3*a = z - 4*z + 6, 4*a = j*z - 3. Suppose 16 = p - a*g, 3*p + g - 28 = 10. What is the remainder when 24 is divided by p?
11
Let p = 74 + -53. What is the remainder when 83 is divided by p?
20
Let w = -53 + 69. Let s(u) = 6*u. Calculate the remainder when s(5) is divided by w.
14
Suppose 3*k + 3*i + i - 20 = 0, 4*k + 10 = 2*i. Suppose -o + k*o + 6 = 0. What is the remainder when 10 is divided by o?
4
Let o = 4 + 5. Suppose -9 = -k + o. Calculate the remainder when 33 is divided by k.
15
Calculate the remainder when (-5 - 1)/((-1)/5) is divided by 16.
14
Suppose b + 3*b = 8. Suppose 3*i = b*m - 29, 2*i = -3*m + 5*i + 39. What is the remainder when 19 is divided by m?
9
Let y be ((-3)/(-3))/((-2)/(-6)). Suppose -2*o = -5*u + 95, 4*o - 38 = -y*u + u. Calculate the remainder when 37 is divided by u.
18
Suppose -l = -3*q - 3*l + 23, -2*l = 2*q - 18. Suppose y - 4*c - 1 - 22 = 0, q*c = 5*y - 85. What is the remainder when 57 is divided by y?
12
Suppose -2*p + 5*p + 4*n = 215, 4*p - 328 = 5*n. Suppose -k = -8*k + 140. What is the remainder when p is divided by k?
17
Let w be (-1)/(100/102 + -1). Let i be 2 - (-2)/(-1) - -33. Let y = w - i. What is the remainder when 34 is divided by y?
16
Let u(s) = 19*s**2 + 2*s + 1. Let j be u(-1). Suppose -2*t + 8 = -j. Calculate the remainder when 23 is divided by t.
10
Let h(z) be the second derivative of z**5/10 - z**4/6 - z**3/2 - z**2 - 6*z. Calculate the remainder when h(3) is divided by 7.
4
Suppose 4*i - 47 = 13. Suppose -4*n + 216 = 4*s, -2*n - 126 = -2*s + 2*n. Calculate the remainder when s is divided by i.
12
Let c(f) = -7*f + 1. Calculate the remainder when 36 is divided by c(-1).
4
Let h(q) = -3*q**2 - 14*q + 30. Let w(g) = g**2 + 7*g - 15. Let b(a) = -2*h(a) - 5*w(a). Calculate the remainder when 23 is divided by b(6).
5
Let t = -37 + 46. Calculate the remainder when t is divided by 6.
3
Suppose 2*x + 2*x - 10 = -2*q, 3*q + 5*x = 20. Calculate the remainder when 21 is divided by q.
6
Let k = 11 - 0. Calculate the remainder when 28 is divided by k.
6
Let q be (7 + 20)*(-1)/(-3). Let t = q - -6. What is the remainder when 59 is divided by t?
14
Let x be 6/(-3) - (-9 + 1). Suppose -x = -2*a - 0. Calculate the remainder when a is divided by 3.
0
What is the remainder when 819/35 - (-4)/(-10) is divided by 5?
3
Let u(r) = 2*r + 11. What is the remainder when 17 is divided by u(0)?
6
Suppose -o = q, 7*o = 3*o + 5*q + 45. Calculate the remainder when 9 is divided by o.
4
Let x(m) be the first derivative of m**4/4 + 8*m**3/3 + 5*m**2/2 + m - 1. What is the remainder when x(-6) is divided by 22?
21
Suppose 4 = -4*q + 24. Calculate the remainder when q is divided by 3.
2
Let k = -15 + 34. What is the remainder when k is divided by 3?
1
Calculate the remainder when (37/(-3))/((-5)/15) is divided by 13.
11
What is the remainder when 58 is divided by (-211)/(-7) + (-3)/21?
28
Let p = 28 - 10. What is the remainder when 87 is divided by p?
15
Let v = -162 + 256. What is the remainder when v is divided by 14?
10
What is the remainder when 102/4*(-14 + 16) is divided by 9?
6
Suppose -6 - 74 = -4*f. What is the remainder when 71 is divided by 6/(-1 - f/(-16))?
23
Calculate the remainder when (-139)/(-6) + (-1 - 10/(-12)) is divided by 13.
10
Suppose 2*z - 5*n - 72 = -0*z, 4*z - 84 = -5*n. Calculate the remainder when z is divided by 7.
5
Suppose -2*i = -5*i + 42. Calculate the remainder when i is divided by 8.
6
Let n = 47 - 18. Let y(s) = 15*s**2 + s - 1. What is the remainder when n is divided by y(1)?
14
Calculate the remainder when (2/(-4) + 1)*4 is divided by 2.
0
Let p(g) = 3*g - 4 + 0 + 3*g - 3. Let f be 4/(-18) - 56/(-9). Calculate the remainder when p(f) is divided by 15.
14
Let z(d) = -d**2 - d + 6. Suppose 13*i = 8*i + 20. What is the remainder when z(0) is divided by i?
2
Suppose 0 = -4*k + 34 + 34. Calculate the remainder when 39 is divided by k.
5
Calculate the remainder when 57 is divided by ((-50)/15)/(1/(-6)).
17
Suppose 5*s - 5*b - 85 = -0*b, b = -5*s + 73. Suppose -34*u = -39*u + 45. What is the remainder when s is divided by u?
6
Let f = -23 + 37. Calculate the remainder when 54 is divided by f.
12
Let s = -124 - -260. Calculate the remainder when s is divided by 28.
24
Suppose 0 = 2*p + p - 15. Let k(z) = z**2 - 4*z - 3. Let g be k(p). What is the remainder when 25 is divided by (-1)/(-2) + 25/g?
12
Suppose a + 4*y - 5 = 8, 0 = 2*a + 3*y - 16. Let t(b) be the first derivative of b**3/3 - 5*b**2/2 + 4*b - 2. Calculate the remainder when a is divided by t(5).
1
Suppose 214 = 5*d - 121. Calculate the remainder when d is divided by (-46)/1*(-4)/8.
21
Let r = -24 - -39. Let i = r - -19. Calculate the remainder when i is divided by 18.
16
Suppose 9*n - 4*n = 0. Suppose -p + j - 3 = -n, 0 = 5*j + 5. Let h(i) = -4*i + 1. What is the remainder when h(p) is divided by 9?
8
Let h(s) be the second derivative of s**5/20 - 3*s**4/4 - s**3/6 + 6*s**2 + 4*s. Let o be h(9). What is the remainder when 49 is divided by 2 - o - (1 + -19)?
15
Let r = -95 + 182. Calculate the remainder when r is divided by 22.
21
Let r(c) = -45*c - 5. Calculate the remainder when r(-2) is divided by ((-6)/4)/(6/(-88)).
19
Let c(f) = -f + 22. Calculate the remainder when c(-4) is divided by 16.
10
Suppose 4*i + v = 14 + 58, 5*i + v = 91. Suppose -2*l + l = -i. What is the remainder when 36 is divided by l?
17
Suppose i - 37 = -2*c - 6, 5*c - 100 = 2*i. What is the remainder when c is divided by 11?
7
Let j(q) = -11*q + 1. Calculate the remainder when j(-1) is divided by 7.
5
Let o be (-1 - -2)/((-1)/2). Calculate the remainder when 14 is divided by 0 - (-4)/2 - o.
2
Suppose b = 5*p - 119, 0*p + 5*b = p - 19. Let i = -6 + 7. Suppose -2*k - 1 = i, 24 = 2*v + 2*k. Calculate the remainder when p is divided by v.
11
Let c(b) = -b**3 + 5*b**2 - 3*b + 11. Let t be c(5). What is the remainder when t - -105 - 4/2 is divided by 25?
24
What is the remainder when 115 is divided by 29/(-4)*(1 + -5)?
28
Let b = 0 - -5. Suppose 0 = -6*h + 3*h + b*y + 38, 0 = 2*y - 4. What is the remainder when h is divided by ((-15)/(-2) + -3)*2?
7
Let o(q) be the second derivative of q**5/20 + q**4/2 + q**3 - 4*q. Let m be o(-4). Calculate the remainder when 39 is divided by m/(-5)*150/(-12).
19
Suppose 0 = -5*c + 45 + 20. What is the remainder when 23 is divided by c?
10
Suppose -16*z + 2 = -46. What is the remainder 